{"id":29,"date":"2025-08-02T18:52:31","date_gmt":"2025-08-02T18:52:31","guid":{"rendered":"http:\/\/auchampbio.com\/?page_id=29"},"modified":"2026-04-19T09:35:12","modified_gmt":"2026-04-19T09:35:12","slug":"commandes","status":"publish","type":"page","link":"http:\/\/auchampbio.com\/index.php\/commandes\/","title":{"rendered":"Commandes"},"content":{"rendered":"\n<figure itemscope itemtype=\"https:\/\/schema.org\/ImageObject\">\n\t\t\t\t<img decoding=\"async\" src=\"http:\/\/auchampbio.com\/wp-content\/uploads\/2026\/04\/mjRpalNF.jpg\" alt=\"mjRpalNF\" title=\"mjRpalNF\" onerror=\"this.style.display='none'\" loading=\"lazy\" \/>\n\t<\/figure>\n<figure itemscope itemtype=\"https:\/\/schema.org\/ImageObject\">\n\t\t\t\t<img decoding=\"async\" src=\"https:\/\/auchampbio.com\/wp-content\/uploads\/2025\/08\/photo-legumes.jpg\" alt=\"photo l\u00e9gumes\" height=\"960\" width=\"720\" title=\"photo l\u00e9gumes\" onerror=\"this.style.display='none'\" loading=\"lazy\" \/>\n\t<\/figure>\n\t\n<h2>Pain (commandes pour le samedi matin)<\/h2>\n<ul>\n<li>Blanc\n<ul>\n<li>petit (\u2248330g) : 2\u20ac pi\u00e8ce<\/li>\n<li>moyen (\u2248660g) : 4\u20ac pi\u00e8ce<\/li>\n<li>grand (\u22481kg) : 6\u20ac pi\u00e8ce<\/li>\n<\/ul>\n<\/li>\n<\/ul>\n<ul>\n<li>Campagne<\/li>\n<\/ul>\n<ul>\n<li>\n<ul>\n<li>moyen (\u2248660g) : 4\u20ac<\/li>\n<li>grand (\u22481kg) : 6\u20ac<\/li>\n<\/ul>\n<\/li>\n<\/ul>\n<p>&nbsp;<\/p>\n<ul>\n<li>Graines (\u2248440g) : 3\u20ac pi\u00e8ce<\/li>\n<li>Sportif (\u2248440g) : 4\u20ac<\/li>\n<li>Complet (\u2248330g) : 2\u20ac<\/li>\n<li>Petit \u00e9peautre (\u2248500g) : 6\u20ac<\/li>\n<\/ul>\n<p>&nbsp;<\/p>\n<ul>\n<li>G\u00e2che brioch\u00e9e\n<ul>\n<li>petite (\u2248250g) : 3\u20ac<\/li>\n<li>grande (\u2248500g) : 6\u20ac<\/li>\n<\/ul>\n<\/li>\n<li>Go\u00fbter gingembre (\u2248330g) : 3\u20ac<\/li>\n<li>Go\u00fbter choco raisin noisette (\u2248330g) : 4\u20ac<\/li>\n<li>Cookies 2\u20ac pi\u00e8ce, 3\u20ac les deux<\/li>\n<\/ul>\n\t\n<h2>L\u00e9gumes du moment<\/h2>\n<ul>\n<li>Pommes de terre 2.5\u20ac\/kg\n<ul>\n<li>par 5kg 9\u20ac (1.80\u20ac\/kg)<\/li>\n<li>par 10kg 16\u20ac (1.60\u20ac\/kg)<\/li>\n<\/ul>\n<\/li>\n<li>Chou rave 2.5\u20ac pi\u00e8ce<\/li>\n<\/ul>\n<p>(maj le 06\/04\/2026)<\/p>\n\t\n\n<h2>La cabane rouge<\/h2>\n<p>Envoyez moi un SMS au 0767618227 pour passer votre commande de l\u00e9gumes et\/ou pain, et r\u00e9cup\u00e9rez les \u00e0 la cabane quand vous le souhaitez (comptez minimum 24h).<\/p>\n<p>La cabane se situe \u00e0 l&#8217;entr\u00e9e de la ferme : 1612 route des Hauts Vents, La Granderie, 50430 Laulne<\/p>\n<p>Le r\u00e8glement se fait par ch\u00e8que ou esp\u00e8ce dans la bo\u00eete aux lettres<\/p>\n\t\n\n<h2>Ouverture le samedi de 18h \u00e0 19h pour la vente de pain<\/h2>\n<p>La vente se fait pour le moment dans le fournil un soir par semaine !<\/p>\n<figure itemscope itemtype=\"https:\/\/schema.org\/ImageObject\">\n\t\t\t\t<img decoding=\"async\" src=\"http:\/\/auchampbio.com\/wp-content\/uploads\/2025\/08\/20221020_180024-scaled.jpg\" alt=\"20221020_180024\" title=\"20221020_180024\" onerror=\"this.style.display='none'\" loading=\"lazy\" \/>\n\t<\/figure>\n\n","protected":false},"excerpt":{"rendered":"<p>Pain (commandes pour le samedi matin) Blanc petit (\u2248330g) : 2\u20ac pi\u00e8ce moyen (\u2248660g) : 4\u20ac pi\u00e8ce grand (\u22481kg) : 6\u20ac pi\u00e8ce Campagne moyen (\u2248660g) : 4\u20ac grand (\u22481kg) : 6\u20ac &nbsp; Graines (\u2248440g) : 3\u20ac pi\u00e8ce Sportif (\u2248440g) : 4\u20ac Complet (\u2248330g) : 2\u20ac Petit \u00e9peautre (\u2248500g) : 6\u20ac &nbsp; G\u00e2che brioch\u00e9e petite (\u2248250g) : 3\u20ac grande (\u2248500g) : 6\u20ac Go\u00fbter gingembre (\u2248330g) : 3\u20ac Go\u00fbter choco raisin noisette (\u2248330g) : 4\u20ac Cookies 2\u20ac pi\u00e8ce, 3\u20ac les deux L\u00e9gumes du moment Pommes de terre 2.5\u20ac\/kg par 5kg 9\u20ac (1.80\u20ac\/kg) par 10kg 16\u20ac (1.60\u20ac\/kg) Chou rave 2.5\u20ac pi\u00e8ce (maj le 06\/04\/2026) La cabane rouge Envoyez moi un SMS au 0767618227 pour passer votre commande de l\u00e9gumes et\/ou pain, et r\u00e9cup\u00e9rez les \u00e0 la cabane quand vous le souhaitez (comptez minimum 24h). La cabane se situe \u00e0 l&#8217;entr\u00e9e de la ferme : 1612 route des Hauts Vents, La Granderie, 50430 Laulne Le r\u00e8glement se fait par ch\u00e8que ou esp\u00e8ce dans la bo\u00eete aux lettres Ouverture le samedi de 18h \u00e0 19h pour la vente de pain La vente se fait pour le moment dans le fournil un soir par semaine !<\/p>\n","protected":false},"author":1,"featured_media":0,"parent":0,"menu_order":0,"comment_status":"closed","ping_status":"closed","template":"","meta":{"footnotes":""},"class_list":["post-29","page","type-page","status-publish","hentry"],"jetpack_sharing_enabled":true,"_links":{"self":[{"href":"http:\/\/auchampbio.com\/index.php\/wp-json\/wp\/v2\/pages\/29","targetHints":{"allow":["GET"]}}],"collection":[{"href":"http:\/\/auchampbio.com\/index.php\/wp-json\/wp\/v2\/pages"}],"about":[{"href":"http:\/\/auchampbio.com\/index.php\/wp-json\/wp\/v2\/types\/page"}],"author":[{"embeddable":true,"href":"http:\/\/auchampbio.com\/index.php\/wp-json\/wp\/v2\/users\/1"}],"replies":[{"embeddable":true,"href":"http:\/\/auchampbio.com\/index.php\/wp-json\/wp\/v2\/comments?post=29"}],"version-history":[{"count":8,"href":"http:\/\/auchampbio.com\/index.php\/wp-json\/wp\/v2\/pages\/29\/revisions"}],"predecessor-version":[{"id":99,"href":"http:\/\/auchampbio.com\/index.php\/wp-json\/wp\/v2\/pages\/29\/revisions\/99"}],"wp:attachment":[{"href":"http:\/\/auchampbio.com\/index.php\/wp-json\/wp\/v2\/media?parent=29"}],"curies":[{"name":"wp","href":"https:\/\/api.w.org\/{rel}","templated":true}]}}